*4/12 - 7*c**3/6 + 3*c**2 + 2*c. Suppose 82 = -9*u + 19. Determine w(u).
6
Let x(l) = -2*l**2 + 682 - 309 - 382. Calculate x(0).
-9
Let b = 340 - 336. Suppose 3*f - 9 = 5*d + 13, -b*f + 6 = -2*d. Let t(r) = 4*r**2 - r - 1. Calculate t(f).
4
Let w be 300/45*-3*16/(-20). Let b(j) = j**2 - 12*j - 18. Calculate b(w).
46
Let d(q) be the second derivative of -q**5/20 + q**4/6 + 5*q**3/2 - 17*q**2/2 - q - 24. Determine d(5).
-17
Let y(k) = -k - 6. Suppose -14*r = -17*r - 15. Let f be 2*(50/2)/r. Give y(f).
4
Let w(r) = -r**3 - 20*r**2 - r. Let s(v) = 4*v**3 + 86*v**2 + 36*v - 3. Let g(i) = -s(i) - 5*w(i). Give g(-16).
-13
Let k(h) = -h + 4. Let i(r) = -4*r - 9*r - 181 + 154. Let z be i(-2). Let t be -1 + (-6)/z*(-2)/4. Give k(t).
8
Let t(i) = -134*i - i**2 + 272*i - i**2 + i**3 - 137*i - 2*i**2 + 4. Determine t(3).
-2
Let r(u) = -20*u + 123. Let h(s) = -84*s + 490. Let g(y) = -2*h(y) + 9*r(y). What is g(11)?
-5
Let y(z) = z**2 + 7*z - 20. Suppose -41*l + 13693 = 13365. Give y(l).
100
Let b(g) be the second derivative of -g**3/2 + 28*g**2 + 4*g + 67. Give b(20).
-4
Let p(y) = -y. Let g(s) = -10*s - 4. Let a(q) = g(q) - 8*p(q). Suppose -62*c - 1 = -1. Suppose c = 165*v - 151*v + 98. Give a(v).
10
Suppose -80*o = -79*o + 3. Suppose 0 = -4*x + 4*m + 60, 4*x = -3*m + 96 - 15. Let j be (x/(-4))/o*-2. Let u(k) = k**2 + 4*k + 3. Determine u(j).
0
Let v(t) = 11*t**3 - 3*t**2 + 4*t - 3. Suppose -3*a + 28 = -2*a + 13*a. Give v(a).
81
Let s(j) be the third derivative of 3*j**5/40 + 7*j**4/24 + 16*j**3 + 34*j**2 - j. Let a(f) be the first derivative of s(f). Calculate a(-2).
-11
Let d(r) = r**2 + 11*r + 15. Let p be d(-10). Suppose -8*t + 53 = p. Let c(k) = -7*k + 3 - k + t*k - 1. Give c(-2).
6
Let u(b) = -14*b - 4*b**2 - 8*b**2 - b**3 - 2*b**2. Let q be u(-13). Let t = q + -7. Let c(g) = 3*g - 7. Calculate c(t).
11
Let b(n) = -2*n - 7. Let l(h) = -3*h - 20. Let a be l(-7). Suppose 8*x - a = 15. Let z be 5*(-2)/4*x. What is b(z)?
3
Let k be (-17 + 11)/2*-1. Let y(n) be the third derivative of -n**4/12 + n**3/6 - 2*n**2. Calculate y(k).
-5
Let b(d) = -105*d + 560. Let x(p) = 19*p - 102. Let y(a) = 5*b(a) + 28*x(a). Determine y(7).
-7
Suppose 11*l = -78 + 199. Let z(d) = -d - 5*d**2 - l + 0*d**2 - 2*d**3 + 11 + 3*d**3. Suppose -4*j = 4*b - 20, 0 = -2*j - b - 3 + 13. Give z(j).
-5
Let g(y) = -3*y + 0*y + 12 + 5*y - 5*y + 2*y. Calculate g(11).
1
Let w(v) be the first derivative of -45 - 2*v + 3/2*v**2. What is w(-4)?
-14
Let o(m) = 8540*m + 8539*m - 17092*m + 49 + 63. Determine o(7).
21
Let u(l) be the third derivative of l**4/3 - 14*l**3 - 4*l**2 - 17. Determine u(10).
-4
Let u be (-6)/1 + (-20)/5. Let y = -4 - u. Let r = -3 + y. Let c(w) = -3*w + 3. Determine c(r).
-6
Let p(q) = -25*q**2 + q. Suppose -89*a - 65*a = -154. Determine p(a).
-24
Let f(k) = -3 - 12096*k + 6040*k + 6044*k. Give f(3).
-39
Let g(j) = 7*j**3 - 12*j**2 - 38*j + 17. Let k(x) = 20*x**3 - 32*x**2 - 112*x + 50. Let p(y) = 17*g(y) - 6*k(y). Calculate p(-14).
17
Let t be 20/(-30)*-12 + (5 - 8). Let x(r) be the third derivative of r**5/60 - 2*r**3 + 23*r**2. Give x(t).
13
Suppose 0 = 3*i + 94*h - 99*h + 15, 0 = -i - 4*h - 39. Let t(n) = 6*n**2 + 89*n - 17. What is t(i)?
-2
Suppose m + 5*j = -2*m + 65, -2*j - 22 = -2*m. Suppose 2*k = -3*k + m. Let r(i) be the second derivative of 5*i**3/6 + 3*i**2/2 - 1312*i. Determine r(k).
18
Let w(y) = y**3 - 22*y**2 + 35*y - 309. Let m be w(21). Let z(h) = 10*h + 136. What is z(m)?
-14
Let b(j) = -5*j + 13. Let r(a) = 5*a - 14. Let c(o) = -8*b(o) - 7*r(o). Calculate c(-4).
-26
Let w(d) = -23*d**2 + 7*d - 12. Let r(i) = 57*i**2 - 14*i + 26. Let n(y) = 2*r(y) + 5*w(y). Let k = -8 + 14. Determine n(k).
-2
Let a(o) = 26*o + 1. Let s(m) = -m**3 - 10*m**2 - 45*m - 73. Let h be s(-3). What is a(h)?
-25
Let j(g) be the second derivative of g**4/3 - 17*g**3/6 - 2*g**2 + 57*g + 13. Give j(5).
11
Let f be (3/2)/(-6 - (-1023)/176). Let a(m) be the third derivative of m**4/8 + 19*m**3/6 + m**2. Give a(f).
-5
Let k(i) = -21*i + 119. Let m(p) = -p + 6. Let s(l) = -6*k(l) + 119*m(l). Let x be 2*(-2)/(-8)*(23 - -31). Suppose 16 = -x*z + 11*z. Give s(z).
-7
Let k be 3/(6/(-1))*(3 - 9). Let z(j) = 11*j + 0*j - 7*j**2 - 22 - 11 + j**k. Let r be z(6). Let d(p) = p**3 + 2*p**2 - 3*p - 1. What is d(r)?
-1
Let h = -21 - -23. Let s(w) = w**3 - 17*w**2 + 32*w - 19. Let z be s(15). Let k(b) = -z + h*b**3 + 7 + 5 + 8*b**3. What is k(-1)?
-9
Suppose -4*b = 4*a + 12, 3*a - 1023*b + 14 = -1025*b. Let k(n) = -3*n - 2. Give k(a).
22
Let q(o) = -o**3 - 7*o**2 - 7*o + 4. Let y be q(-6). Let p(m) be the first derivative of -2*m**2 + 35*m + 137609. Give p(y).
-5
Let n(r) = -22*r**2 - 5*r - 5. Suppose 113 = 738*u + 353 + 1236. Determine n(u).
-83
Let n(w) = -3*w - 54. Let d be (-700)/(-35)*6*(-2)/16. Calculate n(d).
-9
Let o(c) = -1 + 0 + 1 + c + c**2. Let b be (6/8)/(6/1416). Let u = b + -180. What is o(u)?
6
Let c(r) = 5*r + 1. Let q(y) = 21*y + 146. Let p be q(-7). Let x(i) = -5*i - 1. Let d(m) = p*c(m) - 4*x(m). Give d(3).
48
Let t(f) = f**2 + 8*f - 3. Suppose 82*a + 52*a = -13*a + 1029. Calculate t(a).
102
Let x(c) = 121*c - 401*c + 128*c + 15 + 151*c. Suppose -2*u + 12 = -4*o - 8, 3*u + 5*o + 25 = 0. What is x(u)?
15
Let t = -9721 + 9735. Let m(i) = -i**3 + 29*i**2 - 208*i - 31. Determine m(t).
-3
Let y be (-4)/(-6) - (-21)/9. Suppose y*o + 11 = 17. Let u(p) = -6*p + 5. Let j be u(o). Let t(l) = l**3 + 7*l**2 - 3*l - 1. Determine t(j).
20
Let b = -8017 + 8025. Let n(c) = c**3 - 4*c**2 + 1. Let h be n(4). Let j(z) = b*z + h - 6*z - 6*z. Determine j(1).
-3
Let i(r) be the second derivative of -r**4/12 - 7*r**3/2 + 41*r**2 + 322*r - 3. What is i(-24)?
10
Let o be -1389*8/6*12/48. Let d = -470 - o. Let x(w) = w**2 + 7*w - 9. What is x(d)?
-9
Let h(w) = w**3 - 7*w**2 - w + 2. Let t = 151 - 143. Let s(b) = 13*b + 33. Let f(o) = 8*o + 22. Let z(x) = t*f(x) - 5*s(x). Let n be z(4). Determine h(n).
-5
Let o(k) = 7*k**3 + 3*k**2 + 9*k - 33. Let d(u) = -u**3 + u**2 + 3. Let j(f) = 6*d(f) + o(f). Determine j(-8).
-23
Let q(v) be the third derivative of -v**4/8 - 8*v**3/3 + 1264*v**2. Determine q(-10).
14
Let s = -1030 + 1036. Let t(f) = -f**3 + 4*f**2 + 12*f - 26. Calculate t(s).
-26
Suppose -9 = -3*a - 3. Let b(y) = 3*y - 157. Let v(p) = 4*p - 236. Let z(n) = 3*b(n) - 2*v(n). Let i(k) = -5. Let r(t) = a*z(t) + i(t). Give r(3).
3
Let f(h) = 12*h - 26 + 6*h - 38*h + 10*h + 11*h. What is f(16)?
-10
Let q(a) = -33*a - 7. Let l be q(-1). Let x(w) = -w**2 + 26*w + 16. Let p be x(l). Suppose p = -15*m - 14. Let u(h) = -12*h - 3. Determine u(m).
21
Let t(l) = -7*l - 10 + 3 + 3*l. Let w be t(-2). Let x(h) = -h**2 + w - 68*h + 32*h + 35*h. What is x(0)?
1
Let w(o) be the second derivative of o**5/20 - 7*o**4/12 + o**3 - 2*o**2 - 3*o. Suppose -34*b + 9 = -195. Calculate w(b).
-4
Let h(j) = 6*j + 2*j - 3*j - 6 - 7*j. Let l be h(0). Let p(s) = -12*s**2 - 5 + 3*s + 5*s**2 + 8*s**2. Give p(l).
13
Suppose 30*y - 223 = 107. Suppose 5*o = v + 6, -4*v = -6*o + y*o - 51. Let f(l) = -l + 10. Determine f(v).
1
Let p(g) = -g**3 - 4*g**2 + 4*g + 6. Suppose -2*s + 0 = 2. Let o(c) = -3*c - 4. Let m be o(s). Let q be m - 1*4/(16/12). What is p(q)?
-10
Let k(h) be the first derivative of h**4/4 + 2*h**3 + h**2 + 3*h - 2. Let i = 238 + -106. Let o = -138 + i. Determine k(o).
-9
Suppose -8*h - 83 = -9*h. Let d = h + -82. Let f(g) be the second derivative of -g**4/2 - g**3/3 + g**2/2 + 15*g. Give f(d).
-7
Let x(v) = 78*v - 619. Let g = 9891 + -9883. Give x(g).
5
Suppose -q - 28 = j - 26, 2*j + 6 = 0. Let n(d) = 9*d**3 - 4*d**2 + 5*d + 6. Let x(s) = -9*s**3 + 3*s**2 - 4*s - 5. Let y(p) = -5*n(p) - 6*x(p). Determine y(q).
10
Let x be 36 + -39 - (0 + -1) - 8. Let l(w) = 0*w**2 + 7 - 4*w**2 - 9*w + 3*w**2. What is l(x)?
-3
Suppose 49 + 209 = -3*a. Let t = -75 - a. Let z be t/((-11)/10)*(-6)/10. Let n(m) = 2*m. What is n(z)?
12
Suppose -3*x - 2 + 11 = 0. Suppose 3*v + 45 = -x*z, -3*v - 5*z = 19 + 36. Let s(t) = t + 5. Give s(v).
-5
Let q = 324144 + -324137. Let u = -1 - -6. Let y(s) = s**2 - 8*s - 2. Let z(l) = 2*l**2 - 17*l - 3. Let x(b) = u*y(b) - 2*z(b). Determine x(q).
3
Let b(x) = -10*x**2 + 8*x. Let c(p) = -p**2 - 2*p + 147. Let i be c(-13). Give b(i).
-128
Let z = 27 + -15. Let a(t) = 4 + 2 + 11*t - z*t - 2. Let g(v) = -v**3 - 4